, a - 12 = -3*t + g. What is the units digit of a?
4
Let g(r) = 2*r**3 - 63*r**2 + 44*r + 45. What is the hundreds digit of g(31)?
4
Suppose -798 = -20*j + 17*j. Let a = j - 126. What is the units digit of a?
0
Let a(s) = s**3 + s**2 + 2*s - 7. Let o = 11 + -8. What is the tens digit of a(o)?
3
Let u be (90/(-21))/(3/(-21)). Suppose 3*i + 4*k + 20 = 79, 8 = -2*k. Let y = u - i. What is the units digit of y?
5
Let g(o) = -15*o**3 + 6*o**2 + 6*o - 5. What is the hundreds digit of g(-3)?
4
Let k(r) = -r**3 - 9*r**2 - 7*r - 10. Let c be k(-8). Let s be ((-6)/(-9))/((-3)/c). What is the units digit of 189/12 - 3/s?
5
Let p be 129/6 + 3/(-2). Let q = p + -35. Let h = -12 - q. What is the units digit of h?
3
Let s(v) be the second derivative of 0 + 1/20*v**5 + v**4 + 8*v + 7/2*v**2 + 4/3*v**3. What is the units digit of s(-11)?
0
Let k(r) = -2*r - 6. Let n be k(-4). Suppose -16 = -n*a - 3*g, a - 4*g = -5*g + 6. Suppose -a*v + 4*v - 136 = 0. What is the units digit of v?
8
Let f(n) = -n**3 - 30*n**2 + 81*n - 42. What is the units digit of f(-34)?
8
Let c = 26 - 29. Let q = -4 + 3. What is the units digit of c + 1 + 15 + q?
2
Suppose 0 = -k - 4*j + 4202, -4556 = -k - 5*j - 353. What is the tens digit of k?
9
Suppose 3*m - 197 = 2*m. What is the units digit of m?
7
Let q be (33/6)/((-1)/14). Let n = 105 + q. What is the units digit of n?
8
Suppose 7*p - 10924 = -3*g + 3*p, g + 3*p - 3648 = 0. What is the hundreds digit of g?
6
Suppose 3*q = -2*l + 270, 4*l = 3*q - 141 - 147. What is the tens digit of q*(-21)/14*(-4)/6?
9
Let i(u) = -u**3 - 38*u**2 - 90*u - 48. What is the hundreds digit of i(-36)?
6
Let h(w) = 22*w + 520. What is the units digit of h(18)?
6
What is the hundreds digit of (-26)/(((-24)/(-1050))/(4/(-10)))?
4
Let t be 4/(-2)*238/(-4). Let m = 53 - t. Let s = -46 - m. What is the units digit of s?
0
Let j be (-26)/(-65) + (-448)/(-5). Let d be (j/40)/(6/(-32)). Let u = 25 + d. What is the tens digit of u?
1
Suppose m - 4*r + 2 = -247, 0 = 4*m + 3*r + 958. Let p = m - -475. What is the units digit of p?
4
Let h(d) = -d**2 - 3. Let a(u) = -u**3 - 5 + u + 0*u**3 + 6. Let f(b) = -2*a(b) - h(b). What is the units digit of f(1)?
2
Let t be (-16)/(-6)*1 + (-2)/(-6). What is the units digit of (-72)/(-60)*470/t?
8
Suppose 27*k - 15 = 24*k + 3*y, 2*k - 24 = -5*y. What is the units digit of k?
7
Let j(x) = x**3 + 7*x**2 - 7*x + 12. Let i be j(-8). Suppose t - i*t = -84. What is the tens digit of t?
2
Suppose 5*n - 35 = 5*h, -4*n + 4*h + 23 = -n. Suppose 30 + 35 = n*a. Suppose -q = -r - 4*r + a, 7 = q - r. What is the tens digit of q?
1
Let o be -1*(4 + (-1)/1). Let u = -34 + 40. What is the units digit of u/(-1)*o/2?
9
Let r(v) = -v**2 + 11*v - 11. Let m be r(5). Let x = 69 + m. What is the units digit of x?
8
Let f(v) = -11*v - 2. Let s be f(-1). Let q = s - 5. Suppose 4*g - 5*a - 64 = 0, 3*a = -q*g + 2*a + 88. What is the units digit of g?
1
Let q(i) = i**3 - 8*i**2 + i + 6. Let u be (-6)/9*6/(-4). Let l = u + 7. What is the tens digit of q(l)?
1
Suppose 6*g - 1218 = 3*g. What is the tens digit of 9/(-15) + g/35?
1
Suppose 8*k + 1767 = 9*k. What is the units digit of k?
7
Let k(x) = 12*x + 51. What is the hundreds digit of k(15)?
2
What is the hundreds digit of -474*-2*(-104)/(-48)?
0
Let u(s) = -s**2 + 1. Let l be u(1). Suppose l*y - 6*y = -222. What is the units digit of y?
7
Suppose 13*j = 11*j + 34. Let b be 52/14 - 6/(-21). Let d = b + j. What is the units digit of d?
1
Suppose 382 = -2*a - u, 386 = -2*a - u - u. Let w = 334 + a. What is the units digit of w?
5
What is the hundreds digit of (-33)/((-2866)/572 - -5)?
1
Suppose -3 = g - 8. Suppose -5*r + 965 = g*b, -7*b = -2*b + 4*r - 963. What is the hundreds digit of b?
1
Suppose 4*r = 2*v + 12, -2*r + 3*v - 6 = -v. Suppose 0*h - r*h = -90. What is the units digit of h?
8
Suppose -25*k - 31086 = -43*k. What is the hundreds digit of k?
7
Suppose -6948 = 8*c - 17*c. What is the tens digit of c?
7
Suppose -2*q = q. Suppose -4 = -f - 8. Let i = q - f. What is the units digit of i?
4
What is the tens digit of (-6)/39 + (-1954760)/(-520)?
5
Let p(w) = 37*w**2 - 3*w + 2. Let k be p(3). Suppose t - 62 = -j, t = -5*j + k - 4. What is the units digit of j?
5
Let g(c) be the first derivative of c**3/3 - 11*c**2/2 - 5*c + 1. Let j be g(12). Let x(a) = a**2 - 3*a - 10. What is the tens digit of x(j)?
1
Let d(w) = w**3 - 3*w**2 + 1. Let z be d(6). Suppose -4*s + z = -83. What is the units digit of s?
8
Let k(v) = 3*v - 14. Let x be k(6). Let m(r) = 3*r + 1. Let l be m(3). Suppose x*a + 2 = l. What is the units digit of a?
2
Suppose -2 = 3*v - 4*v. Let s(q) be the second derivative of q**4/12 + q**3/6 - 2*q**2 - 3*q. What is the units digit of s(v)?
2
Suppose 4*f = 5*j + 5087, -f = j - 1938 + 664. What is the tens digit of f?
7
What is the tens digit of 952 - ((-1288)/210 + 2/15)?
5
Suppose 0 = -4*i + h + 3032, -2*i - 3*h + 1498 = h. What is the tens digit of i?
5
What is the units digit of (280/(-42) - -7) + (-4286)/(-3)?
9
Suppose 5*f = -v + 542, -4*f + 209 = -2*f + 3*v. What is the units digit of f?
9
Let y(k) = -k**3 + 17*k**2 - 16*k + 10. What is the hundreds digit of y(11)?
5
Let p(c) = -39*c + 1. Let a be p(-1). Suppose a = h - 3*h. What is the units digit of 5/h - 122/(-8)?
5
Suppose -34*u = -60145 - 50151. What is the units digit of u?
4
Suppose 9 - 29 = -5*g. Suppose -5*z + 585 = -z + n, 3*n - 579 = -g*z. What is the units digit of z?
7
Let q(i) be the third derivative of i**5/60 + 5*i**4/12 - i**3 + 20*i**2. What is the tens digit of q(6)?
9
Let y = -1591 + 2340. What is the tens digit of y?
4
Let x(s) = s**2 - 3*s - 6. Let u = 20 + -24. What is the tens digit of x(u)?
2
Let k = 11941 + -7543. What is the units digit of k?
8
Let q(d) be the second derivative of -11*d**3/3 + 14*d**2 - 11*d. What is the units digit of q(-3)?
4
What is the tens digit of (-11)/((-44)/2391) - 6/8?
9
Let i(s) = -54*s - 32. Let g(l) = -160*l - 97. Let v(j) = 3*g(j) - 8*i(j). What is the hundreds digit of v(-4)?
1
Let a = 72 + -28. Suppose -2*u + 0*u + 4*w + 56 = 0, 3*u + 4*w = a. What is the units digit of u?
0
Suppose 3731 = 41*j - 3321. What is the units digit of j?
2
Suppose 0 = -5*q + 4*t - 5*t + 71, t - 1 = 0. Suppose -4*w + q = -10. What is the units digit of w?
6
Let s = 22 + -17. Let m be s - (-12)/16*-4. Suppose n + 1 = m*l - 52, 5*n + 33 = 2*l. What is the units digit of l?
9
Suppose 810 = -32*u + 35*u. Suppose w + 4*w = u. What is the units digit of w?
4
Suppose 51 + 21 = 9*k. Let y(q) = q**3 - 9*q**2 + 9*q - 3. What is the units digit of y(k)?
5
Suppose 3*t = 19 - 10. Suppose 2*l + 28 = 2*x - 2*l, -l = t*x - 56. What is the units digit of x?
8
Let w(l) = 4*l**2 + 46*l + 428. What is the units digit of w(-8)?
6
Suppose 19 = 8*v - 7*v. Suppose 745 = -14*y + v*y. What is the units digit of y?
9
What is the tens digit of 3/2*(7858/6 - -3)?
6
Let f be 114 + 2 + -3 - -1. Let m = 161 - f. What is the tens digit of m?
4
Let g(d) = 2*d + 10. Let s be g(13). Let t = s + -33. Suppose -t*y + 2*j = -51, -y - 5*j - 45 = -3*y. What is the tens digit of y?
1
Let g = 305 + -441. Let j = g - -198. What is the units digit of j?
2
Suppose 2*u - 1888 + 582 = 0. What is the tens digit of u?
5
Let s(k) be the third derivative of -k**5/60 - 7*k**4/24 + k**3/3 - 2*k**2. Suppose 2*g + 31 = -3*o, 2*g = 2 - 12. What is the units digit of s(o)?
2
Let m(y) = -y**3 + 5*y**2 - y - 3. Let u be m(4). Let q(i) = -i**3 - 6*i**2 - 4*i + 8. Let c be q(-5). Suppose -g + u + c = 0. What is the units digit of g?
2
Suppose 2*z + 0 - 3 = 5*o, 3*z = -5*o + 17. Let x be 4/o + (0 - 2). Suppose 3*r - 2*t - 2 = 0, -r + x*r - 29 = -5*t. What is the units digit of r?
4
Let q(j) = -8*j**3 - 6*j**2 - j + 5. Let n(l) = -7*l**3 - 5*l**2 + 4. Let o(v) = 6*n(v) - 5*q(v). What is the tens digit of o(-3)?
3
Let y = -238 - -773. What is the tens digit of -1*y/(-30) - (-1)/6?
1
Let n(r) = -11*r. Let b(h) = h + 1. Let s = -2 + 4. Let g(p) = s*b(p) + n(p). What is the units digit of g(-2)?
0
Let x(q) = q**3 + 9*q**2 - q - 7. Let l be x(-9). Suppose -3*i + 102 = -2*v, 0 = 2*i - l*v - 72 + 6. What is the tens digit of i?
3
Let u(y) = y**2 - 2*y + 3. Let i be u(-3). Suppose -3*p + 2*d - 12 = 0, 5*p = -3*d - 2 + 1. Let c = i - p. What is the units digit of c?
0
Let q =